2*q - 108 = -5*d. Let k = 18 + q. What are the prime factors of k?
67
Let j(r) be the second derivative of r**5/20 + 5*r**4/12 - r**3/3 - 5*r**2/2 + 8*r. Let c be j(-3). Suppose -13*s + c = -12*s. What are the prime factors of s?
19
Let w = -1309 + 2126. List the prime factors of w.
19, 43
Suppose 21*h - 11597 - 13078 = 0. What are the prime factors of h?
5, 47
Let w(b) = 30*b**2 + 9*b + 4. Let s(k) = -k - 1. Let j(h) = 6*s(h) + w(h). List the prime factors of j(1).
31
Let s(f) = f**3 - 10*f**2 - 5*f - 3. Let o(x) = -3*x**3 + 19*x**2 + 9*x + 5. Let m(h) = 2*o(h) + 5*s(h). What are the prime factors of m(-12)?
79
Let u(l) = -l**2 - 16*l + 22. Let f be u(-16). Suppose -7*y + f*y = 1770. List the prime factors of y.
2, 59
Suppose -5*m - 131 = 3*p - 722, 4*p - 759 = 3*m. Let a = p - 133. What are the prime factors of a?
59
Let z(w) = 9*w + 25. List the prime factors of z(24).
241
Suppose 0 = -4*b - 462 + 1374. What are the prime factors of b?
2, 3, 19
Suppose 0 = 5*d - 3*c + 24 - 0, 3*c + 6 = -5*d. Let i be (-3 + -111)/(-3) - d. Let w = i - 25. What are the prime factors of w?
2
Suppose 2*f + 13 - 7 = 0. Let q be 3/1*(-1 - f). Let p = q + 15. List the prime factors of p.
3, 7
List the prime factors of (24/(-80) - (-74)/(-20)) + 3395.
3391
Let v = -1 + 1. Suppose 7*l + 0*l = 21. Suppose v = -l*g + 79 + 62. List the prime factors of g.
47
Let g(u) = -8959*u + 8963*u + 9 - 8 + 2*u**2 - 19. Let x be (-10)/4*(-3 + 1). List the prime factors of g(x).
2, 13
Let d = 684 + -485. What are the prime factors of d?
199
Suppose -4*a = -4537 - 63. What are the prime factors of a?
2, 5, 23
Let q be 1738/3 + (-1 - 10/(-6)). Suppose -o - 173 = -3*j + q, 5*j - 1255 = 4*o. List the prime factors of j.
251
Let y(g) = -108*g - 120. List the prime factors of y(-15).
2, 3, 5
Suppose -w + 144 = 3*w. Let d be ((-120)/w)/((-1)/6). Suppose d = z - 10. List the prime factors of z.
2, 3, 5
Suppose -4*o - 2*v - 752 = -6*o, 0 = -3*v - 3. List the prime factors of o.
3, 5
Suppose 2*f + 0*f - 14 = 0. Suppose -f = -i - 3*x + 2, 0 = 3*i + x - 19. What are the prime factors of i?
2, 3
Let i(v) = -2*v + 13. Let j be i(-13). Suppose -y - 273 = -4*l, -27 = -l + y + j. What are the prime factors of l?
3, 23
Let v(f) = -f**3 - 4*f**2 + 4*f - 3. Let o be v(-5). Let a = 0 - o. What are the prime factors of a + 8 + 0 + 3?
3
Let n = 2010 + -254. List the prime factors of 1/5 + n/60*3.
2, 11
Let m(r) = 6*r + 10. Let w(n) = n**3 - 5*n**2 + 3*n - 9. Let h be w(5). List the prime factors of m(h).
2, 23
Let u = 9 - 30. List the prime factors of (-6)/u + (-782)/(-7).
2, 7
Let t be (1 + (0 - 2))/1. Let w be t/((-35)/(-18) - 2). Let h = w - 14. List the prime factors of h.
2
Let s = -207 + 407. Let f = s + -128. Suppose 2*k = i - 43, k + 2*k = -2*i + f. List the prime factors of i.
3, 13
Suppose 4*h - 65 = 79. Suppose -2*c = -4*c + h. List the prime factors of c.
2, 3
Let q = 17 + -14. Let v = q - 3. Suppose v*w + w - 4 = 0. List the prime factors of w.
2
Let y(o) = -2*o**3 - 11*o**2 - 6*o + 3. What are the prime factors of y(-8)?
7, 53
Let y(m) = -2*m**2 + 85*m + 30. What are the prime factors of y(42)?
2, 3
Suppose -5*v - 4*i + 28 = -3*i, 0 = 5*i + 10. Suppose 3*p + 99 = 3*b, 5*p - 21 + v = 0. List the prime factors of b.
2, 3
Suppose -2*x + 0 = -68. List the prime factors of x/(-4)*(-1 + -1).
17
Let f(o) = -4 + 245*o + o**2 - 2*o**3 + o**3 - 251*o. List the prime factors of f(-5).
2, 11
Let a be -1 - (-1 - 1) - -21. Let y = a + -14. What are the prime factors of y?
2
Let k(x) = -x**2 - 28*x + 16. List the prime factors of k(-20).
2, 11
Suppose 12 = 8*k - 12. Suppose -3*b + 169 = 2*a, -a + k = -2. What are the prime factors of b?
53
Suppose 4*s - 6691 = -7*l + 4*l, 3*l + 2*s = 6683. List the prime factors of l.
5, 89
Let k(d) be the first derivative of 2*d**3/3 - d**2/2 - 4*d - 2. Suppose -3*i + 4 = -i - r, -5*i + 3*r + 8 = 0. What are the prime factors of k(i)?
2, 3
Let f = -2 - -6. What are the prime factors of (-2 + f)*505/10?
101
Let w = -6 + 11. Suppose 0 = 5*g + w*p - 285, -6*g + 134 = -4*g - 3*p. What are the prime factors of g?
61
Suppose 9322 = 16*j + 714. Suppose 0 = 6*b + j - 1888. List the prime factors of b.
3, 5
What are the prime factors of (206/(-3))/(2*(-3)/135)?
3, 5, 103
Let v(a) = -7*a**3 - 4*a**2 - 6*a - 23. List the prime factors of v(-5).
2, 17, 23
Let g(m) = -1 - 6*m - 5*m**2 + m - 3*m**3 + 2*m**3 + 2*m**3. Let d be g(6). Suppose -d*r + 5 + 40 = 0. What are the prime factors of r?
3
Suppose 23 = 5*b - r, 3*r + 16 = 2*b + 6*r. Let u(t) be the third derivative of t**4/24 + 5*t**3/6 + t**2. What are the prime factors of u(b)?
2, 5
Suppose 3*q - 4*q + 8 = 0. Suppose -2*y + q - 4 = 0. What are the prime factors of y?
2
Let t = 283 - 96. List the prime factors of t.
11, 17
Let n(i) be the third derivative of -i**6/120 + i**5/15 - i**4/6 + 2*i**3/3 + 4*i**2. Let t be n(5). List the prime factors of 0 - t - (-19 + 15).
3, 5
Let z(q) = q**3 + 6*q**2 + 4. Let f be z(-6). Suppose -f*h - h + 255 = 0. What are the prime factors of h?
3, 17
Suppose -f = 2*x - 595 - 411, 3*f - 3019 = -5*x. List the prime factors of f.
2, 3, 7
Let n = -79 - -84. Suppose -5*z + n*j = -650, -4*z + 3*z - j + 138 = 0. What are the prime factors of z?
2, 67
List the prime factors of (-198)/44*(-68)/6.
3, 17
Let s be -2*(-2 - (-2 - -1)). Suppose -2*g = -g, 2*g = s*r - 76. List the prime factors of r.
2, 19
Let u(q) = 54*q**2 - 78*q - 779. List the prime factors of u(-10).
11, 491
Let i(b) = 2*b**2 + 2. Let r be i(2). Suppose 6*w + 20 = r*w. Suppose w*v - 144 = -54. List the prime factors of v.
2, 3
Let h(g) = 3*g + 9. Suppose -5*b = -i - 25, -32 = 4*i - 12. Let t(d) = -8*d - 26. Let s(y) = b*t(y) + 11*h(y). List the prime factors of s(11).
2, 3
List the prime factors of (-42)/4*28/147*-9.
2, 3
Let u(g) = g**2 - 32*g - 20. List the prime factors of u(-14).
2, 3, 13
Suppose -818 + 230 = -3*l. List the prime factors of l.
2, 7
Suppose 22352 = 62*a - 40*a. What are the prime factors of a?
2, 127
Let x(a) = -1031*a**3 - 3*a**2 + 13*a + 15. List the prime factors of x(-1).
2, 5, 103
Let f(x) = -12*x - 134. List the prime factors of f(-30).
2, 113
Let q = -15 - -20. Suppose 5*n - 4*n + 9 = 3*m, -3*n - 7 = -q*m. Suppose -5*x + 3*s + 246 = 0, -n*s + 2*s + 267 = 5*x. What are the prime factors of x?
3, 17
Let w = -543 - -1145. What are the prime factors of w?
2, 7, 43
Let a be (0 - -2)/((-20)/(-50)). Suppose 2*t + a + 5 = 0. List the prime factors of 65*t/((-50)/4).
2, 13
Let a = 157 - 51. Suppose -a = -k + 41. List the prime factors of k.
3, 7
Suppose 1 + 8 = 3*h, 3*h = -5*v + 354. List the prime factors of v.
3, 23
Suppose 0 = n - 0*o - 3*o - 1491, 5*n - 7497 = o. List the prime factors of n.
2, 3, 5
Let p(n) = -n**2 + 14*n - 15. Let w = 7 - 8. Let g be w/(1*(-3)/33). List the prime factors of p(g).
2, 3
Let o be (-2650)/4*(-4)/(-15)*-3. Suppose o = -9*m + 14*m. List the prime factors of m.
2, 53
Suppose -l + 8*l = -9*l. Suppose -5*j + 3*o + 33 = -1, 4*j + 5*o - 5 = 0. Suppose -q + 2*k - j*k + 10 = l, -k - 2 = 0. List the prime factors of q.
2
Let d(m) = -2*m**3 + 5*m**2 + 2*m + 4. List the prime factors of d(-6).
2, 151
Let s(j) = -j**3 + 9*j**2 - 14*j + 1. Let x be s(7). Let v(a) = 172*a**3 + 2*a**2 - 3*a + 1. List the prime factors of v(x).
2, 43
Let m(j) = j**3 + 11*j**2 + 13*j - 2. Let k be m(-7). Suppose 4*c = 17 + k. List the prime factors of c.
2, 3, 5
Let r be (48/(-15))/((-8)/300). Suppose r = 9*c - 3*c. List the prime factors of c.
2, 5
Suppose 5*w - 5*n - 15 = 0, w + 3 = 3*w + n. Suppose -w*f + 2 = 0, -f - 25 = -4*o + 26. What are the prime factors of o?
13
Let h(z) = z**2 + 6*z - 16. Let i = 10 - 10. Suppose -2*n + i - 22 = 0. What are the prime factors of h(n)?
3, 13
List the prime factors of (26486/119 - 4)/((-1)/(-7)).
2, 3, 5, 17
Suppose 0 = 2*j - 90 - 40. List the prime factors of j.
5, 13
Let r = -1 - -4. Let b(j) = j**2 + 7*j - 10. Let o be b(-7). Let a = r - o. What are the prime factors of a?
13
Suppose -714 + 524 = -5*h. Suppose -16 = -5*y + b, -3*y + b + 2 = -6. Suppose -112 = -2*l - 2*l - 4*n, l - y*n = h. List the prime factors of l.
2, 3, 5
Let f = 41 - 24. Let d = f - 17. Suppose d*h + 8*h - 272 = 0. What are the prime factors of h?
2, 17
Suppose -5*u = 2*a + 2, 4*a + 1 = 3*u + 3*a. Suppo